ens digit of 3353?
5
What is the thousands digit of 30632?
0
What is the hundreds digit of 105761?
7
What is the tens digit of 41173?
7
What is the units digit of 5078?
8
What is the ten thousands digit of 24405?
2
What is the thousands digit of 13291?
3
What is the units digit of 20321?
1
What is the hundreds digit of 470?
4
What is the hundreds digit of 14727?
7
What is the hundreds digit of 15699?
6
What is the thousands digit of 26760?
6
What is the tens digit of 27815?
1
What is the units digit of 208?
8
What is the tens digit of 1521?
2
What is the ten thousands digit of 23511?
2
What is the ten thousands digit of 181118?
8
What is the tens digit of 1107?
0
What is the hundreds digit of 60055?
0
What is the units digit of 1599?
9
What is the hundreds digit of 115606?
6
What is the units digit of 38140?
0
What is the tens digit of 4029?
2
What is the ten thousands digit of 36481?
3
What is the thousands digit of 1202?
1
What is the tens digit of 6122?
2
What is the thousands digit of 55248?
5
What is the units digit of 3749?
9
What is the tens digit of 2134?
3
What is the units digit of 186?
6
What is the tens digit of 4793?
9
What is the hundreds digit of 1664?
6
What is the thousands digit of 13619?
3
What is the tens digit of 1336?
3
What is the units digit of 803?
3
What is the tens digit of 60?
6
What is the hundreds digit of 792?
7
What is the units digit of 3844?
4
What is the tens digit of 19272?
7
What is the units digit of 10489?
9
What is the tens digit of 1215?
1
What is the hundreds digit of 5680?
6
What is the tens digit of 1116?
1
What is the ten thousands digit of 13446?
1
What is the thousands digit of 3176?
3
What is the hundreds digit of 88328?
3
What is the units digit of 53075?
5
What is the units digit of 1189?
9
What is the ten thousands digit of 51420?
5
What is the units digit of 3868?
8
What is the hundreds digit of 6677?
6
What is the tens digit of 54422?
2
What is the units digit of 884?
4
What is the units digit of 51705?
5
What is the thousands digit of 27734?
7
What is the hundreds digit of 346?
3
What is the tens digit of 7652?
5
What is the units digit of 847?
7
What is the thousands digit of 1892?
1
What is the units digit of 24137?
7
What is the hundreds digit of 41038?
0
What is the hundreds digit of 1929?
9
What is the units digit of 825?
5
What is the tens digit of 7022?
2
What is the tens digit of 2929?
2
What is the hundred thousands digit of 176414?
1
What is the ten thousands digit of 65217?
6
What is the thousands digit of 18971?
8
What is the hundreds digit of 240?
2
What is the units digit of 3428?
8
What is the thousands digit of 53055?
3
What is the tens digit of 1469?
6
What is the thousands digit of 1244?
1
What is the tens digit of 212865?
6
What is the tens digit of 349?
4
What is the units digit of 34192?
2
What is the hundreds digit of 5734?
7
What is the tens digit of 1104?
0
What is the units digit of 29944?
4
What is the hundreds digit of 821?
8
What is the hundreds digit of 2421?
4
What is the ten thousands digit of 45837?
4
What is the hundreds digit of 2262?
2
What is the thousands digit of 1065?
1
What is the tens digit of 748?
4
What is the tens digit of 37032?
3
What is the ten thousands digit of 12317?
1
What is the tens digit of 406?
0
What is the hundreds digit of 1129?
1
What is the hundreds digit of 18605?
6
What is the ten thousands digit of 33673?
3
What is the hundreds digit of 11070?
0
What is the thousands digit of 8187?
8
What is the tens digit of 1250?
5
What is the tens digit of 387?
8
What is the tens digit of 442?
4
What is the tens digit of 93356?
5
What is the hundreds digit of 10206?
2
What is the tens digit of 807?
0
What is the hundreds digit of 8987?
9
What is the hundreds digit of 1561?
5
What is the tens digit of 966?
6
What is the tens digit of 5729?
2
What is the units digit of 861?
1
What is the tens digit of 4464?
6
What is the units digit of 112660?
0
What is the thousands digit of 7206?
7
What is the units digit of 1236?
6
What is the tens digit of 1607?
0
What is the thousands digit of 1032?
1
What is the units digit of 1149?
9
What is the thousands digit of 92437?
2
What is the thousands digit of 90649?
0
What is the units digit of 1540?
0
What is the tens digit of 8632?
3
What is the tens digit of 7785?
8
What is the hundreds digit of 711?
7
What is the tens digit of 23535?
3
What is the units digit of 26?
6
What is the units digit of 57268?
8
What is the ten thousands digit of 44485?
4
What is the ten thousands digit of 37250?
3
What is the tens digit of 963?
6
What is the units digit of 9929?
9
What is the units digit of 7551?
1
What is the units digit of 9959?
9
What is the thousands digit of 23717?
3
What is the units digit of 69869?
9
What is the tens digit of 30067?
6
What is the hundreds digit of 63665?
6
What is the tens digit of 31427?
2
What is the thousands digit of 2230?
2
What is the thousands digit of 13217?
3
What is the hundreds digit of 23470?
4
What is the thousands digit of 17245?
7
What is the tens digit of 5027?
2
What is the hundreds digit of 2271?
2
What is the hundreds digit of 15058?
0
What is the ten thousands digit of 22834?
2
What is the hundred thousands digit of 124149?
1
What is the tens digit of 491?
9
What is the thousands digit of 2498?
2
What is the hundreds digit of 3997?
9
What is the units digit of 4164?
4
What is the units digit of 4186?
6
What is the units digit of 4113?
3
What is the thousands digit of 1410?
1
What is the tens digit of 8232?
3
What is the tens digit of 5930?
3
What is the units digit of 621?
1
What is the units digit of 23233?
3
What is the units digit of 1937?
7
What is the units digit of 46863?
3
What is the tens digit of 642?
4
What is the units digit of 1269?
9
What is the tens digit of 4325?
2
What is the units digit of 6056?
6
What is the thousands digit of 1243?
1
What is the tens digit of 791?
9
What is the units digit of 3993?
3
What is the hundreds digit of 2533?
5
What is the tens digit of 68996?
9
What is the ten thousands digit of 13151?
1
What is the tens digit of 717?
1
What is the units digit of 646?
6
What is the tens digit of 647?
4
What is the tens digit of 5040?
4
What is the units digit of 43?
3
What is the tens digit of 1481?
8
What is the units digit of 2989?
9
What is the units digit of 4763?
3
What is the thousands digit of 5068?
5
What is the hundreds digit of 21147?
1
What is the tens digit of 1569?
6
What is the hundreds digit of 1459?
4
What is the tens digit of 15840?
4
What is the units digit of 5115?
5
What is the hundreds digit of 3364?
3
What is the ten thousands digit of 43747?
4
What is the units digit of 698?
8
What is the units digit of 46268?
8
What is the thousands digit of 7072?
7
What is the thousands digit of 14040?
4
What is the units digit of 56598?
8
What is the thousands digit of 36800?
6
What is the thousands digit of 10622?
0
What is the thousands digit of 65492?
5
What is the units digit of 80?
0
What is the units digit of 37?
7
What is the thousands digit of 10526?
0
What is the tens digit of 258?
5
What is the tens digit of 99736?
3
What is the ten thousands digit of 18198?
1
What is the tens digit of 7510?
1
What is the tens digit of 1751?
5
What is the thousands digit of 5000?
5
What is the hundreds digit of 6326?
3
What is the hundreds digit of 7693?
6
What is the hundreds digit of 12075?
0
What is the hundreds digit of 915?
9
What is the hundreds digit of 914?
9
What is the units digit of 1613?
3
What is the hundreds digit of 2554?
5
What is the hundreds digit of 446?
4
What is the units digit of 96443?
3
What is the tens digit of 2047?
4
What is the hundreds digit of 3419?
4
What is the tens digit of 27403?
0
What is the tens digit of 29806?
0
What is the tens digit of 38141?
4
What is the thousands digit of 3748?
3
What is the units digit of 54333?
3
What is the thousands digit of 7113?
7
What is the hundreds digit of 7907?
9
What is the thousands digit of 46274?
6
What is the ten thousands digit of 15556?
1
What is the hundreds digit of 5530?
5
What is the ten thousands digit of 30781?
3
What is the ten thousands digit of 63608?
6
What is the units digit of 988?
8
What is the units digit of 2590?
0
What is the thousands digit 